 = 19 + -16. Suppose 0 = -3*l, -z = 3*z + h*l - 136. Suppose 3*n - z = -40. Let t(u) = -u**2 + u + 2. Give t(n).
-4
Let m(u) = 29*u**2 + 4*u + 4. Let s(j) = -3*j**3 + 29*j**2 - 39*j - 9. Let t be s(8). Give m(t).
29
Let m(u) = -18*u**3 - u**3 + 4*u**2 + 16 + 18*u**3 - 5*u**2. Calculate m(0).
16
Suppose k + 4 = 2*u - 4*u, -4*u - 2 = 5*k. Let f(d) = -k*d - d**2 - d - 6 + 7*d + 15. Determine f(6).
-3
Suppose -9*t + 16*t = 280. Suppose 42*p - t*p + 2 = 0. Let k(h) = h**3 + 2*h**2 + 2*h + 1. Give k(p).
0
Let h(k) = 7*k**2 - 2*k - 7*k**2 + 1 + 3*k + 2*k**3. Let x = -189 - -187. Let d be x + 3 + (0 + -10)/5. Calculate h(d).
-2
Suppose 2*l = -2, 26*l = 2*z + 30*l - 226. Let b = 116 - z. Let c(r) be the second derivative of -2*r**5/5 + r**4/12 - r**3/3 + r**2/2 + 4*r. Calculate c(b).
-8
Suppose 30 + 159 = -9*v. Let u be (-6)/21 - 69/v. Let z(d) = -d**3 + 2*d**2 + 4*d - 4. Determine z(u).
-1
Let m(z) = 13*z + 7. Let q(r) = 7*r - 477 + 960 - 479. Let x(l) = -3*m(l) + 5*q(l). Determine x(4).
-17
Let k(h) = -7*h**3 + 33*h**2 + 13*h - 16. Let r be k(5). Let p(a) = -a + 8. Calculate p(r).
9
Let n be ((-6)/(-4))/3 - 70/(-28). Let t(z) = n*z**2 + 7*z + 4*z**3 - 5*z**3 + 5 - 11 + 3. Let x = 23 - 18. Give t(x).
-18
Let k(s) = -9*s**2 - 9*s + 10. Let l(f) = -2*f**2 - f + 1. Suppose -12 = -3*t + 3*x, 8*t - 2*x + 20 = 13*t. Let v(a) = t*l(a) - k(a). What is v(-6)?
0
Let t(q) = 2*q**2 - 131*q - 93*q + 244*q - q**2 - 11. What is t(-21)?
10
Let l(m) = m**2 - 9*m + 3. Let a be (-48030)/135 - 6/27. Let u = 364 + a. Give l(u).
-5
Suppose 0 = -3*i - 0*i - u, -5*i - 60 = -5*u. Let l(w) = -19*w - 77. Determine l(i).
-20
Let o(a) = 16*a - 11. Let x(k) = 3*k - 2. Let d(h) = -2*o(h) + 11*x(h). Suppose -4*r - 4*i + 15 + 5 = 0, 0 = 4*i - 16. Let f = 3 + r. Give d(f).
4
Let h(a) = -8*a - 2. Let i(n) = -13*n - 11. Let d(x) = -2*h(x) + i(x). Let p(q) = q + 2. Let u be 2/(-4) - 13/2. Let j be p(u). Calculate d(j).
-22
Let f(z) = 26*z + 174. Let g = -6676 + 6669. What is f(g)?
-8
Let r(u) = 11*u - 23*u + 8 - 10 + 9 - 3*u**2. Give r(-6).
-29
Let q = -32228 - -32227. Let p(z) = 187*z**3 + z**2 + z + 1. Calculate p(q).
-186
Let s(a) = -3*a - 9002 + 9007 - 3*a. Calculate s(2).
-7
Let z be (-6)/4 + 58/4. Let t(j) = 2*j**3 - j**2 + 2*j + 1. Let v(o) = -13*o**3 + 19*o**2 - 11*o - 19. Let b(q) = -6*t(q) - v(q). Determine b(z).
0
Suppose -4*v + 147*y = 145*y - 8, 20 = -2*v + 4*y. Let x(o) = -6*o + 2 + 2 + 1 + o**2. What is x(v)?
5
Suppose 6*j + 9 + 45 = 24*j. Let k(t) = -14*t + 36. Determine k(j).
-6
Let h(z) = 7*z + 9. Let q(s) = -s + 1. Let p(v) = -h(v) - 6*q(v). Suppose 3*r - 15 = 6*n - n, -4*n - 5*r = -25. Give p(n).
-15
Let k(m) = 88*m + 6 + 13*m**2 + 39 + m - 7*m**2 - 3*m**2. Determine k(-29).
-13
Let v(r) = 7*r - 5*r**2 + 78 - 6*r**2 + r**2 + 14*r**2 - 5*r**2. Calculate v(-6).
0
Suppose 2*l + 8 = 0, 59*l + 7 = 3*t + 58*l. Let s(y) = 4*y**2 + 4*y - 5. Let f(c) = 8*c**2 + 9*c - 11. Let d(z) = 4*f(z) - 9*s(z). Give d(t).
-3
Suppose 95 = 63*r - 44*r. Let n be 4/6*(-18)/(-4). Let f(a) = -4*a**3 - 2*a - 3. Let t(i) = 7*i**3 + i**2 + 4*i + 5. Let j(v) = n*t(v) + r*f(v). Give j(-2).
0
Let i(n) = -7*n + 3. Let x(v) = v. Suppose -41 - 1 = 42*b. Let c(q) = b*i(q) - 5*x(q). Let y be (36/(-10))/(-3)*-5. What is c(y)?
-15
Let z(r) = -44*r + 86. Let j be z(2). Let t be (4/(-12))/(2/(-12)). Let p(u) = 10*u**2 - t + 1 - 11*u**2 + u - 2*u. Calculate p(j).
-3
Let l = 7 + -10. Let k(p) = 3*p**2 - 11*p - 3. Let d(j) = -2*j**2 + 10*j + 4. Let t(w) = l*k(w) - 4*d(w). Let s = -589 - -583. Determine t(s).
-1
Let u(w) = -9*w - 6. Suppose -13 = -c + o - 12, 5*c + 4*o - 14 = 0. Let s(h) = -31*h - 17. Let v(n) = c*s(n) - 7*u(n). Give v(6).
14
Let t(z) be the first derivative of 5/2*z**2 + 4 + 7*z - 1/3*z**3. Suppose 4*h + 2*p - 22 = 0, -2*h + 16*p = 20*p - 8. What is t(h)?
1
Let q(o) = -o**2 + 3*o + 1. Let s(i) = 12*i**2 - 28*i - 12. Let r(j) = 10*q(j) + s(j). Let a be (1/(-2))/(1/4). Let x be (a/5)/(2/(-10)). What is r(x)?
10
Let d(j) = -9*j - 39. Let t(h) = -9*h - 535. Let n be t(-59). Give d(n).
-3
Let r = 11 + 2. Suppose r + 11 = 4*k. Let x(h) = -8*h + 6. Let c(t) = 7*t - 5. Let z(m) = k*x(m) + 7*c(m). What is z(-5)?
-4
Let m(j) = -j**3 - 4*j**2 - 3*j - 2. Suppose 2*n - 2*u = 4*n - 54, 4*u - 46 = -2*n. Let h = -34 + n. Calculate m(h).
-2
Suppose 3*n + 86 = -5*b, b + 22 = -3*n + 4*n. Let j = b - -23. Let z(l) = -6*l + 15. Let a(k) = -21*k + 54. Let x(s) = -5*a(s) + 18*z(s). Give x(j).
-12
Let q(m) = 4*m**2 - 6*m - 6. Let w(a) = -54*a + 1455. Let v be w(27). What is q(v)?
48
Suppose 34 = 25*b - 39 - 127. Let f(u) be the third derivative of 0 - 1/3*u**3 + u**2 + 0*u + 1/24*u**4. Determine f(b).
6
Suppose -260*d = -286*d + 130. Let y(u) = 8*u + 2. What is y(d)?
42
Let s = 1658 - 1696. Let m(t) = -6*t - 228. Give m(s).
0
Let a(v) be the first derivative of v**4/24 - v**3/2 + v**2 + 1. Let k(h) be the second derivative of a(h). Suppose -18 = 16*t + 35*t - 222. Determine k(t).
1
Let j(q) = q**3 - 8*q**2 + 6*q + 4. Let k be j(7). Let v(l) = -4 + 82*l + 3*l**2 - 178*l + 98*l. Calculate v(k).
17
Let l(v) be the second derivative of -v**4/2 + 7*v**3/6 + v**2/2 - 17*v. Let u be l(2). Let t(m) = m**3 + 9*m**2 - 7. What is t(u)?
-7
Let l(k) = -16*k**2 + 45*k + 15. Let g(i) = -3*i**2 + 9*i + 3. Let c(r) = 11*g(r) - 2*l(r). Let h = 8216 + -8212. Calculate c(h).
23
Let v be 2/(-4)*30/(-5). Suppose -q - 5*j - 4 = 0, -q + v = -5*j - 13. Suppose -5*y = -q*x + 2*x, 4*x = y. Let d(k) = -k - 2. Determine d(x).
-2
Let q = -6834 - -6835. Let o(s) = -25*s**2 - 3*s + 2. What is o(q)?
-26
Let q(m) = 11*m - 6. Let c = 796 - 793. Let k(j) = 26*j - 14. Let r(d) = c*k(d) - 7*q(d). What is r(-5)?
-5
Let q = 215 + -212. Let d(y) = q + 9 - 18 + 8*y + 4. Give d(1).
6
Let q(b) = -2*b**2 - 3. Let p(v) = 2*v**2 - v + 4. Let m(a) = -3*p(a) - 4*q(a). Suppose -4*y = 34 - 46. Suppose -5*i = 12 + y. Calculate m(i).
9
Let m = -12 - -14. Let a(f) = -f**3 - 1 + f + 6*f + 160*f**m - 167*f**2. Determine a(-8).
7
Let b(r) = -3*r**2 + 34*r - 46. Let p(a) = a**2 - 1033*a + 10. Let f be p(0). Give b(f).
-6
Let n(h) = -63*h - 998. Let c be n(-16). Let u(i) = -4*i**3 + 39*i**2 + 10*i + 7. Give u(c).
7
Let a(p) = p**3 + 8*p**2 + 6*p - 4. Let r be 40/(-16) + 429/6. Let g = r - 76. What is a(g)?
3
Suppose -5*c + 2*a + 6 = -2*a, 2*c + 2*a - 6 = 0. Let x be 22/6 - (-4)/(-6). Let g(r) = 280*r**3 - 141*r**3 - 4 + 4*r**c - 140*r**x + r + 2*r. Calculate g(5).
-14
Let f(q) be the second derivative of q**5/20 + q**4/4 - 4*q**3/3 + 5*q**2/2 + 1622*q. What is f(-7)?
-135
Let h(m) be the third derivative of -m**6/120 + 2*m**5/15 + 5*m**4/12 - 8*m**3/3 - 902*m**2. Determine h(8).
64
Let i(z) be the first derivative of z**3/3 + 4*z**2 + 10*z + 1. Let y = -1116 - -1116. Suppose y = 7*c + 100 - 51. What is i(c)?
3
Let j = 14075 + -14087. Let s(b) = -2*b**2 - 26*b + 6. Calculate s(j).
30
Let i(o) = -o. Let j(a) = -a**2 + 9*a + 6. Let l(z) = -3*i(z) - j(z). Suppose 2*g - f - 128 = 0, -5*g + 7*f = 4*f - 318. Let s = -59 + g. Give l(s).
1
Let o(n) = -12*n - 4. Let v(l) = 1 + 22*l + 2*l - l + 6. Let r(d) = -5*o(d) - 3*v(d). Give r(3).
-28
Let i(n) be the second derivative of n**5/5 - n**4/12 + n**2/2 + 146*n. Let a be 8/((-1200)/(-130)) + (-2)/(-15). Calculate i(a).
4
Let q(n) = 4*n**3 + 2*n**2 - 2*n - 1. Suppose 0*z - 5*z = 4*w - 36, 8 = 2*z. Suppose -423*i = -421*i + w. Calculate q(i).
-21
Let y(m) = 3*m**2 + 11*m - 1. Let k(b) = 806*b + 2412. Let q be k(-3). What is y(q)?
41
Suppose 2*y = -29 + 45. Let x(r) = -r**3 + 6*r**2 + 17*r - 2. Calculate x(y).
6
Let m(g) = 10*g - 9. Let c(x) = -x. Let o(k) = -6*c(k) - m(k). Let u(j) = 154*j - 921. Let n be u(6). Calculate o(n).
-3
Let f(i) = -5*i - 5. Let t = -2962 + 2967. Give f(t).
-30
Let i(t) = -t - 42. Let h be i(-44). Let r(u) = -14*u + h*u**2 - 3*u**2 + 1 + 5*u + 10*u. Give r(3).
-5
Let m(d) = 2*d + 2. Let h(f) be the third derivative of 3*f**4/8 + 11*f**3/6 + 2*f**2 + 119*f. Let v(n) = -h(n) + 5*m(n). Determine v(-8).
-9
Let g = 1015/2029 - 1/4058. Let a(i) be the third derivative of -g*i**3 + 0*i + 40*i**2 + 0 - 1/12*i**5 - 1/8*i**4. Give a(-2).
-17
Let q(c) be the first derivative of 1/20*c**5 - 1/2*c**3 - 2*c**2 - 3 + 1/6*c**4 - 1/120*c**6 + 0*c. Let l(j) be the second derivative of q(j). Give l(4).
-3
Suppose 0 = -p - 3*p + 2